 + 16*b**2 - 17*b - 18. What is n(-17)?
-18
Let v(d) = -d**3 - 11*d**2 - 25*d + 2. What is v(-3)?
5
Let i(u) = 9*u**2 + 29*u + 57. What is i(-2)?
35
Let d(k) = 2*k**2 - 22*k - 82. Determine d(-3).
2
Let w(q) = 2*q - 16. What is w(6)?
-4
Let j(y) = -y**3 - 5*y**2 + y - 5. Determine j(-5).
-10
Let h(k) = 5*k + 9. What is h(-5)?
-16
Let s(i) = 23*i. What is s(0)?
0
Let m(d) = d**3 - 53*d**2 - 60*d + 316. What is m(54)?
-8
Let o(y) = 2*y**3 - 3*y**2 + 7*y - 4. Give o(2).
14
Let l(v) = v**3 - 11*v**2 - 29*v + 38. Give l(13).
-1
Let v(a) = -2*a**2 + 82*a + 8. What is v(41)?
8
Let y(s) = -s**2 + 6*s + 26. What is y(-7)?
-65
Let b(g) = g**3 + 4*g**2 - 4*g - 4. Calculate b(2).
12
Let b(a) = a**3 - 3*a**2 + 6. Give b(4).
22
Let g(x) = 9*x**3 - x**2 + 2*x - 2. What is g(1)?
8
Let x(u) = -4*u**3 - 2*u**2 + u - 2. Calculate x(-2).
20
Let i(n) = n**3 + 15*n**2 + n + 21. Determine i(-15).
6
Let w(o) = -o**3 - 6*o**2 - 7*o - 103. Calculate w(-7).
-5
Let g(m) = m**2 + 12*m - 3. What is g(-12)?
-3
Let l(h) = -h**3 - h - 1. Calculate l(0).
-1
Let n(c) = c**3 - 10*c**2 + c - 5. What is n(11)?
127
Let t(g) = g + 2. Give t(2).
4
Let x(r) = -r**3 + 11*r**2 + 11*r + 16. Determine x(12).
4
Let n(v) = v**3 - 9*v**2 - 2*v + 8. Calculate n(9).
-10
Let u(f) = 4*f**3 + 21*f**2 + 8*f + 9. Calculate u(-5).
-6
Let g(s) = -2*s**2 + 63*s - 20. Give g(31).
11
Let y(o) = o**3 + 8*o**2 + 8*o - 1. Give y(-7).
-8
Let s(y) = -y**3 - 12*y**2 - 10*y + 7. Determine s(-11).
-4
Let q(f) = 13*f**3 - f**2 - f - 3. Calculate q(2).
95
Let n(d) = d - 17. Determine n(4).
-13
Let i(b) = -6*b**2 - 19*b - 10. What is i(-3)?
-7
Let z(u) = u**3 + 6*u**2 + 6*u + 7. Calculate z(-5).
2
Let w(r) = -r**2 + 9*r + 17. Determine w(11).
-5
Let f(s) = -s - 1. Give f(10).
-11
Let h(u) = u**2 - 6*u - 21. Determine h(9).
6
Let c(d) = -d**3 - 33*d**2 - 59*d + 78. Calculate c(-31).
-15
Let u(c) = c**2 - 13*c. Determine u(9).
-36
Let x(i) = i**3 + 5*i**2 - 2*i - 9. Calculate x(-6).
-33
Let d(r) = r**2 - 8*r + 8. Give d(2).
-4
Let p(r) = -5*r**3 + 2*r**2 - 3*r - 1. What is p(2)?
-39
Let a(p) = 18*p + 83. Determine a(-5).
-7
Let y(s) = -s**2 + 8*s - 2. Give y(4).
14
Let v(r) = -4*r + 4. Give v(0).
4
Let p(a) = -a**2 + 53*a - 274. Determine p(6).
8
Let x(p) = 7*p - 19. Calculate x(-11).
-96
Let g(j) = -5*j - 72. Calculate g(-3).
-57
Let h(s) = -4*s**3 - 3*s**2 - 3*s - 2. Give h(-2).
24
Let r(c) = -3*c - 11. Give r(0).
-11
Let i(o) = -o**2 - 4*o - 8. Calculate i(5).
-53
Let n(h) = h**2 - 24*h - 214. What is n(31)?
3
Let z(u) = -20*u + 40. Determine z(12).
-200
Let u(d) = -d**3 + 10*d**2 + 12*d + 5. Give u(11).
16
Let o(d) = -d + 19. Determine o(14).
5
Let z(o) = -o**2 + 3*o + 8. Determine z(5).
-2
Let w(o) = 3*o + 10. Calculate w(-3).
1
Let t(h) = 5*h**3 - 2*h**2 + h - 2. Calculate t(2).
32
Let x(m) = m**2 + 2*m + 7. Determine x(-6).
31
Let o(m) = m**2 - 10*m + 24. Give o(7).
3
Let v(w) = 3*w + 27. What is v(-8)?
3
Let u(w) = -w**3 + 11*w**2 + w - 18. Give u(11).
-7
Let f(m) = -m**3 + 7*m**2 + 9*m - 11. Give f(8).
-3
Let b(p) = -2*p + 10. Determine b(4).
2
Let m(v) = 2*v**3 - 26*v**2 - 3*v + 2. Calculate m(13).
-37
Let i(u) = u**3 + 3*u**2 - 4*u. What is i(-4)?
0
Let d(z) = -5*z**2 + 124*z + 6. Calculate d(25).
-19
Let d(s) = 34*s**2 + s. Determine d(1).
35
Let p(q) = -2*q - 6. What is p(-6)?
6
Let f(r) = -r**3 + 7*r - 3. Determine f(3).
-9
Let w(x) = 2*x**2 - 46*x + 56. Determine w(21).
-28
Let c(g) = 3*g - 46. Give c(12).
-10
Let g(t) = t**2 + 4*t + 1. What is g(2)?
13
Let p(w) = -w**3 + 17*w**2 - 10*w + 21. What is p(17)?
-149
Let y(k) = k**3 + 23*k**2 + 24*k + 56. Calculate y(-22).
12
Let w(g) = -2*g**2 - 27*g + 13. Calculate w(-12).
49
Let f(b) = -3*b**3 - b**2 - 2*b. Give f(2).
-32
Let w(l) = -4*l - 54. Determine w(-26).
50
Let c(z) = 5*z**3 - 16*z**2 + z + 7. Calculate c(3).
1
Let d(i) = -i**2 - 25*i - 34. Calculate d(-24).
-10
Let y(w) = 2*w**3 - 11*w**2 + 7*w - 8. Give y(5).
2
Let o(v) = v**3 - 10*v**2 - 23. Determine o(10).
-23
Let h(u) = u**2 - 24*u + 114. Calculate h(12).
-30
Let g(y) = y**3 - 5*y**2 - 4*y + 1. Give g(-1).
-1
Let t(i) = -i**2 - 5*i + 10. What is t(-8)?
-14
Let z(l) = -52*l + 358. What is z(7)?
-6
Let g(c) = c**3 + 12*c**2 + 36*c + 8. Give g(-7).
1
Let f(g) = 13*g**3 + 2*g**2 + 3*g + 2. Determine f(-1).
-12
Let n(b) = -b**3 - 5*b**2 - 4*b - 4. Calculate n(-4).
-4
Let s(c) = -c**3 - 7*c**2 - 13*c - 13. What is s(-6)?
29
Let g(p) = -p**2 - 13*p + 3. Give g(-9).
39
Let g(d) = -d**3 + 9*d**2 + 11*d - 12. Calculate g(10).
-2
Let m(q) = q**2 - 38*q + 71. Determine m(2).
-1
Let i(w) = 4*w**2 + 11*w - 5. Give i(-7).
114
Let g(r) = -r**2 - 10*r - 23. Calculate g(-12).
-47
Let u(o) = -5*o + 23. Give u(4).
3
Let o(f) = 15*f - 6. Calculate o(0).
-6
Let a(w) = -w**3 - 4*w**2 + 6*w + 12. Calculate a(-5).
7
Let m(i) = -i**3 - 6*i**2 - 9*i - 38. Determine m(-5).
-18
Let k(u) = -u**3 + 21*u**2 - 2*u + 21. Determine k(21).
-21
Let x(i) = -25*i**3 + i**2 - i + 1. Determine x(1).
-24
Let q(g) = -g**2 - 24*g + 162. Calculate q(6).
-18
Let p(d) = d**3 - d**2 + d - 19. Determine p(0).
-19
Let w(k) = -2*k + 38. Determine w(-20).
78
Let n(i) = -i**2 + i - 13. Calculate n(0).
-13
Let j(l) = 4*l + 34. Determine j(-11).
-10
Let i(v) = v**3 + 7*v**2 + 3*v - 13. What is i(-6)?
5
Let a(u) = -2*u**3 + 6*u**2 - 2*u. What is a(3)?
-6
Let z(d) = 2*d**2 + 10*d + 7. What is z(-6)?
19
Let o(r) = -4*r**2 + 4*r + 4. Determine o(-1).
-4
Let d(c) = 65*c - 263. Calculate d(4).
-3
Let l(n) = -12*n - 65. What is l(-6)?
7
Let f(b) = b**3 + 9*b**2 - 12*b. Calculate f(-10).
20
Let x(k) = -4*k - 5. What is x(9)?
-41
Let q(x) = -x - 12. Calculate q(-7).
-5
Let z(j) = -7*j**2 - 56*j + 57. Determine z(-9).
-6
Let g(z) = -6*z + 1. Give g(-1).
7
Let a(b) = -b**3 + 12*b**2 + 14*b - 19. Determine a(13).
-6
Let u(t) = -5*t**3 + 3*t**2 - 2*t. Give u(2).
-32
Let k(p) = p**2 - 22*p - 11. What is k(25)?
64
Let h(z) = -39*z + 215. Calculate h(5).
20
Let i(z) = -z**3 + 13*z**2 - 19*z - 5. Calculate i(11).
28
Let x(r) = -9*r - 159. What is x(-17)?
-6
Let l(r) = -r - 6. Calculate l(5).
-11
Let r(c) = -2*c**2 - 25*c - 58. Determine r(-10).
-8
Let w(r) = -r**2 + 5*r + 5. Determine w(-3).
-19
Let q(d) = -10*d**3 - d**2 - d - 2. What is q(-2)?
76
Let u(g) = g**2 + 8*g - 10. What is u(-9)?
-1
Let a(h) = -78*h**2 + h - 1. What is a(1)?
-78
Let h(m) = -6*m - 17. Determine h(-2).
-5
Let f(u) = 4*u**3 - u**2 + 2*u + 3. What is f(-1)?
-4
Let z(v) = 11*v - 57. Calculate z(8).
31
Let j(u) = -16*u - 248. Give j(-15).
-8
Let g(r) = 5*r + 3. Determine g(1).
8
Let s(l) = -l**2 - 7*l - 5. Calculate s(-6).
1
Let s(l) = 18*l + 13. What is s(-3)?
-41
Let v(r) = -r + 18. Give v(19).
-1
Let y(p) = -2*p**2 + p + 15. Determine y(-4).
-21
Let w(k) = k**3 - 3*k + 11. Determine w(3).
29
Let q(l) = 2*l + 30. Calculate q(-12).
6
Let a(w) = -w**3 - 7*w**2 - 6*w + 21. Calculate a(-5).
1
Let f(z) = -6*z**2 + 4*z. Determine f(2).
-16
Let p(w) = -w**2 + 5*w - 5. Determine p(5).
-5
Let p(y) = -31*y + 89. Give p(3).
-4
Let r(c) = -c**3 + 6*c**2 + 14*c - 7. Determine r(6).
77
Let k(u) = 86*u + 254. Give k(-3).
-4
Let d(h) = h**3 - 11*h**2 - 8. What is d(11)?
-8
Let d(y) = y**3 + 9*y**2 + 2*y + 27. Determine d(-9).
9
Let x(s) = s**2 + 5*s + 5. Determine x(-2).
-1
Let d(v) = 2*v**2 - 12*v - 7. What is d(7)?
7
Let g(l) = -8*l - 53. Calculate g(-7).
3
Let v(h) = -2*h**3 - 6*h**2 - 4. Calculate v(-3).
-4
Let p(g) = 2*g**2. Give p(-7).
98
Let z(k) = -k**2 + 13*k - 11. What is z(9)?
25
Let q(f) = -f**2 - 9*f - 8. Determine q(-9).
-8
Let c(h) = h. Give c(9).
9
Let d(y) = -y + 44. Determine d(17).
27
Let k(f) = -2*f**2 - 19*f + 32. Determine k(-11).
-1
Let c(b) = -b**3 - b**2 - b + 8. Calculate c(0).
8
Let x(p) = 3*p - 1. Determine x(5).
14
Let w(a) = -a**3 + 8*a**2 - 4*a - 5. What is w(8)?
-37
Let g(h) = 7*h - 16. Calculate g(9).
47
Let a(k) = -k**3 - 13*k**2 - 11*k + 7. What is a(-12)?
-5
Let j(n) = -n**2 + 11*n + 12. What is j(14)?
-30
Let a(z) = -2*z**2 + 34*z - 1. What is a(17)?
-1
Let u(h) = 31*h + 1. What is u(-1)?
-30
Let a(s) = -s**3 - 22*s**2 + 23*s - 3. What is a(-23)?
-3
Let c(v) = 42*v - 14. Determine c(3).
112
Let z(n) = n**2 + 8*n + 7. Give z(-5).
-8
Let i(b) = -b**2 + 10*b + 26. Determine i(11).
15
Let u(m) = -21*m - 598. What is u(-29)?
11
Let r(h) = h**3 - h**2. Determine r(-2)